b*c + 3*c - 638, 5*j = 3*c + 791. Is j a composite number?
False
Let l = 15 + -24. Let r be (-2)/(-8) - l/12. Is (-3 - r) + 310 + 1 composite?
False
Suppose 10 = 4*y - 2. Let p be (y - 7)*26/(-8). Is 292*1 - (-16 + p) prime?
False
Let z = -114 - 497. Let h = 276 - z. Is h a prime number?
True
Let u be (-2)/(-2)*-5*(-12)/15. Suppose 0 = l + u*p - 5401, -5*p - 5 = -6*p. Is l composite?
False
Is ((-993)/(-6))/((-5)/(-50)) a composite number?
True
Suppose 3*z = -z + 60. Is 663 + 5 - z/(-3) a prime number?
True
Let w(c) = -50*c**2 - c + 2. Let y be w(1). Let t = -47 + y. Let b = 173 + t. Is b prime?
False
Is 69070 - (6 + 9 - 6) composite?
False
Let p be (-24)/42*28/(-8) - -4. Let g(y) = -29*y + 2. Let f(q) = 14*q - 1. Let t(l) = 13*f(l) + 6*g(l). Is t(p) a composite number?
False
Suppose 15 = 5*n, 26*a + 2*n = 21*a + 14871. Is a a prime number?
False
Suppose -4*k = 5*w - 29, 0 = -2*w + k + 12 - 3. Suppose 1443 = 2*b - 4*o - 363, w*b + 2*o = 4539. Is b prime?
True
Suppose 5*u = -2*g - 9, -g + 3*u = 5*u + 4. Is 4/g*(-2991)/6 a prime number?
True
Suppose -48981 + 5874 = -3*f. Let w = f - 9814. Is w a prime number?
False
Suppose 10*v - 8*v - 8 = 0. Is (-9*68)/(-4) - v composite?
False
Suppose -u - 2*s + 230 = 0, -3*u + s = -3*s - 670. Suppose 0 = v - 2*q - q - u, 5*q = -2*v + 452. Let z = -92 + v. Is z composite?
True
Suppose 59 = 4*n + 3*t, 7*n - 67 = 2*n + 3*t. Suppose 0 = 4*b - n*b + 9070. Is b composite?
False
Let b = 2 + -11. Let u be 1498/6 - (-6)/b. Suppose 3*q - u = 120. Is q prime?
False
Suppose -2*b = -b - 2. Let d(s) be the first derivative of 24*s**4 - 2*s**3/3 - 3*s**2/2 + 3*s + 218. Is d(b) prime?
True
Let r = -6 + 7. Let o be r/(-3) + (-4477)/(-3). Suppose 2*n = 6*n - o. Is n a composite number?
False
Let m be ((-36)/45)/(1/995). Is -8 - -9 - (m + 0) a composite number?
False
Suppose -l - 3*k = -4*k + 12, 3*l + 68 = -5*k. Is (340/l)/(1/(-4)) a prime number?
False
Let u(o) = 11626*o**3 - o**2 + 2*o. Let q be u(1). Let p = q - 6282. Is p composite?
True
Let h(j) = -2*j + 0*j**2 - 7*j - j**2 + 511 + 10*j - j**3. Is h(0) a composite number?
True
Is (1423/(-2))/(2/(-68)) composite?
True
Suppose 3*j = 5*g - 8459, -3*j - 2 = -4*j. Is g a composite number?
False
Suppose -3*o = -0*o - 2*i - 2, o = -2*i + 14. Suppose -2*w = 5*u - 827, u = -o*w - 3*u + 1648. Is w composite?
True
Suppose -15*i = -6*i - 172863. Is i a composite number?
False
Suppose 2*j + 13928 = 4*v, -5*v + 5*j = -2*v - 10453. Is v composite?
True
Let i(o) = o**3 + 18*o**2 + 17*o + 38. Let g be (-2 - -4) + 54/(-3). Is i(g) prime?
False
Let t = 32 + -28. Suppose -5*n - 1176 = -n + 4*v, 0 = -t*n - 5*v - 1171. Let a = n + 426. Is a a composite number?
False
Is -26 + 472 + -1 + -2 composite?
False
Let t be ((-360)/(-70))/((-1)/(-7)). Is (-24)/t - (-113)/3 prime?
True
Let k(x) be the second derivative of x**5/60 - x**4/6 + x**3/2 - x**2/2 - 4*x. Let j(r) be the first derivative of k(r). Is j(4) a prime number?
True
Suppose 3*x - 29 + 38 = 0. Let q(s) = 282*s**2 - 5*s + 4. Is q(x) composite?
False
Let f(h) be the second derivative of h**4/12 - 4*h**2 - 2*h. Let z be f(-4). Let d = z + 41. Is d a composite number?
True
Let f be 266 + (3 - 4) + -1. Suppose -l + f = l. Is 21*(l/9 - 1) prime?
False
Let m = -12 + 25. Suppose -b - 3*t + 186 - m = 0, 865 = 5*b - 3*t. Suppose 4*w - 671 = b. Is w composite?
False
Let j(z) = -z - z + 3*z**2 + 0*z**2 + 4*z + 8. Let a be j(7). Let h = a + -110. Is h composite?
False
Suppose j = -3*a - 38, -3*j = -4*j + 1. Let p = 19 + a. Suppose o + 2155 = p*o. Is o prime?
True
Suppose 0 = -24*t + 28*t - 8. Is (-4 - -2999) + 0/t prime?
False
Let u = 25104 - 16938. Suppose 12*m - u = 6*m. Is m composite?
False
Let n be 1/2 + (-481)/2. Let v = 427 + n. Is v a composite number?
True
Let a = 364 - -262. Suppose v = 2*v - a. Is v a prime number?
False
Let h(k) = k**2 - 5*k + 1. Let j(z) = 4*z**2 + 3*z - 1. Let n be j(1). Let g be h(n). Suppose -4*b + 329 = u, -2*u - 400 = -5*b - g*u. Is b prime?
True
Suppose -5*p - 29631 = 3*m, -5*m = 4 + 6. Is p/(-10)*(-2)/(-3) a prime number?
False
Let h be (-83)/3 + 2/3. Let b = h - -21. Is (-758)/((4 + b)/1) a composite number?
False
Suppose 5*k = 8*k - 15. Suppose -2*y = 2*w + 3*y - 2727, -k*w = -2*y - 6803. Is w prime?
True
Let k = 835 - 1904. Suppose 7*u - 284 = f + 11*u, -4*f - 1136 = -u. Let h = f - k. Is h a composite number?
True
Suppose 0 = -3*a - 0*b - 5*b + 69, 0 = 4*a - 5*b - 127. Let x = -22 + a. Is (5 + -8)/(x/(-1346)) prime?
True
Let f(j) = -j**3 - 10*j**2 + 66*j + 38. Is f(-21) composite?
True
Let b = 14 + -10. Is 1774*(b + (-35)/10) composite?
False
Let b be (-6)/4*8/(-3). Let i = b - 7. Is (-1)/(i/17)*6 composite?
True
Suppose 0 = 2*q - 3 - 1. Let p be 0 - q - (869 + -3). Let s = -471 - p. Is s prime?
True
Let l(b) = 10*b + 64. Let n be l(-6). Is (-1)/n - -389*(-5)/(-20) composite?
False
Let g = -192 + 365. Suppose 3*u - g = 2*u + 4*o, -640 = -4*u + 3*o. Is u a composite number?
False
Let a = 48 + -80. Let z = -28 - a. Let x(s) = 19*s + 11. Is x(z) prime?
False
Suppose 2*m - 7884 = -u, 10*u = m + 7*u - 3935. Is m prime?
False
Let o be 24/(-16) - 27/(-6). Is ((-2)/(-4))/(o/1758) composite?
False
Is 518132/140*5 - 2/(-7) a composite number?
True
Suppose -4*t = -16, -2*t + 42 = -5*n + 14. Let i = n + -2. Is (i/(-12))/(2/348) composite?
True
Let q(h) be the third derivative of -5/3*h**3 + 1/3*h**4 - 5*h**2 + 0 + 7/60*h**5 + 0*h. Is q(5) a composite number?
True
Let m = -1157 + 2594. Suppose -5*l + m = 2*n, 6*n = -5*l + 3*n + 1433. Is l prime?
False
Let v be (24/(-9))/(1/303). Let h = v - -2337. Is h a prime number?
False
Is 8785/(-15)*(-6)/2 prime?
False
Suppose 2*o + 3*c = 2036 + 1076, 3*o - 5*c - 4706 = 0. Let w = -1008 + o. Is w a prime number?
False
Let u(d) = -d**2 - 2*d + 16. Let z be u(-5). Is 2/z*(-7063)/(-14) prime?
True
Let i be 1/((-7)/(-40)) + 12/42. Suppose i*z = 680 + 7486. Is z a composite number?
False
Let j = 37525 + -20472. Is j composite?
False
Let m = -11 + 20. Let c(g) = 63*g + 19. Is c(m) a composite number?
True
Let d = -36 + 35. Is d + 2 - (-1275 + 17) a composite number?
False
Let a(h) = -1201*h**3 + h**2 + 5*h - 1. Is a(-2) composite?
False
Let o(b) = 311*b**2 - b + 7. Is o(6) prime?
True
Let k(o) = o - 19. Let h be k(-17). Is (-4)/h - 3328/(-18) composite?
True
Let m = 199 + -81. Suppose 0 = -19*o + 18*o - 83. Let d = m + o. Is d composite?
True
Suppose -p - 8 = -9*z + 4*z, 0 = 2*p - 3*z + 9. Let i be (-1)/((9/15)/p). Suppose -2 = -u, -74 = -2*h - i*u + u. Is h a composite number?
True
Suppose 15*g - 33996 = 14*g. Suppose 0 = -6*o - 6*o + g. Is o prime?
True
Suppose -5*x + 172 = 4*b, 3*x - b = 63 + 30. Let d = x + -27. Suppose d*j - 1410 + 115 = 0. Is j prime?
False
Let n(v) be the first derivative of 13*v**4/4 - 2*v**3/3 - v - 7. Let x be n(2). Suppose 5*s + 5 = 0, 0 = 3*k - 5*s - 24 - x. Is k prime?
False
Let x(w) = -w**3 + 31*w**2 - 33*w + 49. Is x(26) a composite number?
True
Suppose 5*a - 94734 = u, 94732 = 231*a - 226*a - 3*u. Is a composite?
False
Let t be (1/2)/((-7)/350). Let z be (5860/t)/((-4)/10). Suppose 0*c - z = -2*c. Is c prime?
True
Let k(j) = -15*j + 24. Let p be k(-9). Suppose 0 = -5*n + 3*i + p + 1289, i + 290 = n. Is n a prime number?
False
Is 508480/16 + 1*-11 a prime number?
True
Suppose -21*z + 8658 = -3*z. Is z composite?
True
Suppose -5*l - 34 = 4*m, 5*m - 5*l = -0*l - 20. Is (0 + (-303)/m)*4 a prime number?
False
Let s be 2 - 9 - (1 - 1). Let j = -7 - s. Suppose -4*c = -j*c - 268. Is c composite?
False
Suppose u + 3*n + 2 = 0, n - 16 = -0*u - 2*u. Let y = -14 + u. Is 7362/(-27)*6/y a prime number?
True
Let b = 12 + 9. Suppose 0 = -l - 0 - b. Is (-650)/(-14) - (-9)/l composite?
True
Let c = -4 + 6. Suppose 0 = -c*v + 23 - 19. Is (-1 - v)/((-6)/502) a composite number?
False
Let h = 70452 + -46495. Is h prime?
True
Let c = 32574 - -42697. Is c prime?
False
Let v(c) = -1160*c + 27. Is v(-7) prime?
True
Let n(x) = x**3 - 12*x**2 + 9*x + 4. Let y be n(12). Suppose -3*p - y = -5*p - 2*t, 4*p = 5*t + 197. Is p prime?
True
Let v be (-2 + 3)/((-2)/(-2)). Let o be (v + -5)*(-3)/6. Suppose 3*t - l = o*l + 1746, 0 = -t - 2*l + 579. Is t prime?
False
Let p(x) be the second derivative of 1/2*x**3 + 0 + 5*x + 1/6*x**4 - 1/2*x**2. Is p(3) a prime number?
False
Let z(r) = -r**3 - 